tiple of 16?
True
Let y = 12 - 7. Suppose y*t = 5*a + 35, 2*t - a - 4*a = 5. Is 208/t + 2/10 a multiple of 12?
False
Suppose -2*x + 5 + 5 = 0. Let v be x - 1/(2/4). Is 19 a factor of 35 + 1/(v + -2)?
False
Let b(j) = -3 + 2*j + 4 - j**3 + 7*j**2 - j + 1. Does 5 divide b(7)?
False
Suppose 0 = -3*t + 29 - 2. Suppose -t*n = -5*n - 68. Is n a multiple of 17?
True
Let v = -41 + 26. Let c be (-9)/v + 4/10. Is c/(-4) + (-225)/(-20) a multiple of 11?
True
Let y(u) = -3*u**2 - 5*u + 34. Let o(g) = -7*g**2 - 11*g + 69. Let a(s) = -4*o(s) + 9*y(s). Let r = -1 - -1. Is a(r) a multiple of 15?
True
Suppose -5*x + 150 = -x + 2*y, 3*x - y - 100 = 0. Is x a multiple of 22?
False
Let p = -17 + 24. Let j = p + -4. Is 3 a factor of j?
True
Let j = -165 - -258. Suppose -5*v = 18 - j. Does 5 divide v?
True
Let x be (-177 - 0)/(-3) + 1. Suppose 2*p - 5*g = -5, -4*p - 2*g = p - x. Does 4 divide p?
False
Suppose 6*c - 11*c = -30. Is 3 a factor of c?
True
Suppose 303 = 5*v - 247. Let f = -72 + v. Is 19 a factor of f?
True
Let w = -16 + 10. Let p(y) = -y**2 - 12*y - 6. Is p(w) a multiple of 16?
False
Suppose -23*c + 18*c + 185 = 0. Is 37 a factor of c?
True
Let w be 176/10 - (-4)/10. Suppose z = -12 - w. Is ((-20)/(-6))/((-4)/z) a multiple of 15?
False
Let x(l) = l**3 + 6*l**2 - l - 2. Let g be x(-6). Suppose -5*b = 3*s - 138, 2*s - g*b + 54 = 168. Does 5 divide 2/(-10) - s/(-5)?
True
Let n be 3/(3/2) + -1. Let z(m) = 0 + 8*m**2 + 0 + n. Does 9 divide z(1)?
True
Suppose -4*t - 7 = 1. Let d be (-46)/6 + (-4)/12. Is 26 a factor of t/d - 206/(-8)?
True
Suppose -3*h - 2*o = -198, -o + 137 = 2*h + 2*o. Is 10 a factor of h?
False
Suppose 3*k + 15 = -0. Let r = k + 11. Let g(n) = 2*n**2 - 9*n + 8. Is 11 a factor of g(r)?
False
Let c = 184 + -130. Let q = -20 + c. Is q a multiple of 17?
True
Suppose 8 = 3*a - 7. Suppose 3*r = a*y + 41, 0*r - 2*y = 4*r - 98. Suppose -r = -4*s + 34. Does 11 divide s?
False
Let o(l) = l**2 + 5*l + 6. Let s be o(-4). Let c = s + 0. Is (-292)/(-8) - c/(-4) a multiple of 13?
False
Suppose -a + 6*a = 55. Suppose 3*p - 31 - a = 0. Does 14 divide p?
True
Let v = 19 + -14. Suppose p - 2*j - 3 = v, -2*j + 16 = p. Is p a multiple of 8?
False
Let i = -60 + 6. Let w = i - -77. Is 23 a factor of w?
True
Let g = 24 + 27. Does 2 divide g?
False
Let l(r) = -3*r - 12. Does 21 divide l(-11)?
True
Is 0 + 15 - 4/(-4) a multiple of 15?
False
Let p = -13 - -6. Is (-4)/2 - (p + -10) a multiple of 6?
False
Suppose -5*h = -h - i - 25, -4*h - 5*i = -19. Let d(y) = 2*y - 1. Is 9 a factor of d(h)?
False
Is 2 a factor of 8/14 + (-2492)/(-98)?
True
Let j(g) = g**3 + 5*g**2 - 9*g - 15. Is j(-5) a multiple of 3?
True
Suppose 5*f = -n + 3*n + 229, -2*n = -2*f + 94. Does 15 divide f?
True
Let w(k) = -k**2 + k - 1. Let g(y) = -y - 4 + 2*y**2 - y**3 + 4. Let t(f) = g(f) + 5*w(f). Is t(-5) a multiple of 13?
False
Let o(l) = l**2 + 18*l - 2. Let k be o(-11). Let s = k - -124. Is 15 a factor of s?
True
Let t(q) = -q + 3. Suppose -4*c = -3*c + 3*j + 3, 0 = c - j + 3. Is 3 a factor of t(c)?
True
Let n(s) = 2 - s + 2*s**2 + 0*s - s. Is n(5) a multiple of 14?
True
Is (-3)/(-1 + (2 - 2)) even?
False
Let y = 307 + -111. Is y a multiple of 14?
True
Let j(r) = -6*r + 19. Let z(q) = 13*q - 39. Let t(d) = -9*j(d) - 4*z(d). Does 3 divide t(12)?
True
Let k(g) = 3*g**2 - 13*g + 14. Is 45 a factor of k(10)?
False
Let m(h) be the second derivative of 7*h**3/6 - 3*h**2/2 + 5*h. Is m(3) a multiple of 9?
True
Let f(b) be the first derivative of -b**4/4 - b**3/3 + b**2/2 + 16*b - 2. Is 8 a factor of f(0)?
True
Let z be (42/9)/(6/9). Suppose 0 = -z*m + 4*m + 162. Is 27 a factor of m?
True
Let g = 6 - 3. Suppose -3*z - g = -36. Does 11 divide z?
True
Suppose 0 = -5*q - 14 + 159. Is 10 a factor of q?
False
Suppose 145 = 2*j + 49. Is 8 a factor of j?
True
Let v(c) = 3*c - 6*c**3 - 2*c**2 + 0*c**2 - 4*c. Let z be ((-1)/2)/((-4)/(-8)). Is v(z) a multiple of 5?
True
Suppose 0 = 4*d - 0 - 8, 5*a = 4*d - 8. Suppose -11*k + 12*k - 46 = a. Does 23 divide k?
True
Let c(l) = l + 14. Let s(r) = -4*r - 43. Let y(g) = 7*c(g) + 2*s(g). Is y(8) even?
True
Let i(h) = h**3 + 2*h**2 + 2*h - 5. Suppose 0 = -5*f + 4*f + 5. Let u be i(f). Suppose -2*l + 7*l = u. Does 22 divide l?
False
Let u(y) = 11*y**2 + 18*y**2 - 3*y**2. Is u(1) a multiple of 10?
False
Let g = 72 + -24. Is g a multiple of 12?
True
Let g(d) = 8*d - 3. Let k be g(2). Let m = 20 - k. Is m a multiple of 7?
True
Suppose 0 = -0*k + 5*k + 45. Let j be (-3)/(-6)*92/(-2). Let a = k - j. Does 5 divide a?
False
Let z = -7 - -10. Let t = 36 - z. Is t a multiple of 22?
False
Suppose 0 = 2*z - 7*z + 370. Is 10 a factor of z?
False
Let i(c) = c**2 + 7*c - 3. Let y be i(-8). Suppose 50 = 3*b + y. Is (-564)/(-10) + (-6)/b a multiple of 20?
False
Let z = 5 - -7. Suppose -3*q = -u + 16, -5*u - 3*q + 68 = -z. Is 6 a factor of u?
False
Let x(i) = -6 + 4 + 3 - i**2 + 3*i. Let b be x(4). Let h(y) = -y**3 - y**2 + 3. Is 21 a factor of h(b)?
True
Suppose -4*t + 0*r = -2*r - 270, -3*t + 4*r = -200. Does 34 divide t?
True
Let c = -4 - -24. Is 6 a factor of c?
False
Let h(n) = n + 8. Let r be h(-7). Let a be 462/(-18)*(-4 + r). Suppose 2*q - a + 23 = 0. Is q a multiple of 7?
False
Let g = -45 - -145. Is 50 a factor of g?
True
Suppose -4*s = -0*s. Suppose 500 = -0*c + 5*c. Suppose -2*v + 3*g = 2*v - c, 3*v - 2*g - 76 = s. Does 10 divide v?
False
Let k be ((-377)/26)/((-2)/4). Let r = k + -14. Is 4 a factor of r?
False
Let l = 6 + -1. Suppose -5*x - l*c = -20, -c - 6 = -3*x + 14. Does 3 divide x?
True
Let h be 56 + (-12)/(-3) + -2. Let x = h - 14. Is 22 a factor of x?
True
Let g = 89 + -33. Is 36 a factor of g?
False
Is 3 a factor of ((-24)/(-32))/((-2)/(-72))?
True
Is 22386/84 - 2/(-4) a multiple of 55?
False
Suppose 3*i - 48 = 3*n, -5*i - n - 4*n = -100. Is 6 a factor of i?
True
Let b(q) = q**3 - 4*q**2 + 2*q + 2. Let p be b(3). Let h be 2*(21/6 + p). Suppose 0 = -h*i + 154 + 26. Does 14 divide i?
False
Let q(z) = 28*z**2. Let k be q(1). Let n = -14 + k. Is n a multiple of 14?
True
Suppose 4*d - 5*n = 13, -1 + 0 = n. Let j(m) = 9*m**2 + 3*m - 2. Let z(g) = 8*g**2 + 2*g - 2. Let b(t) = -4*j(t) + 5*z(t). Is b(d) a multiple of 5?
True
Let g(p) = -p**3 + p**2 - p + 22. Let x = 3 + -3. Is 16 a factor of g(x)?
False
Suppose o - 1 = 4. Suppose -q - o*y = -4*q + 62, -4*q + 60 = -y. Is q a multiple of 5?
False
Let k = -2 + 17. Suppose -5*s - 5*r + r = -5, 2*s - r = k. Is s a multiple of 5?
True
Let l = 104 - 57. Suppose -3*b = -2*z - 9, 2*b - 4*b + z = -6. Suppose -l = -4*p - b. Is p a multiple of 4?
False
Suppose 2*o - 87 - 5 = 0. Let v = 30 - o. Let d = v + 27. Is 7 a factor of d?
False
Let w = 9 + -6. Does 15 divide -116*(w/(-6) + 0)?
False
Let v(z) = -z**3 - 2*z**2 - 3. Let i be 6/4*(-2)/1. Let q be v(i). Suppose q*a - 4*a - 4 = 0. Is 2 a factor of a?
True
Let t(i) = i**3 - 5*i**2 + 7*i - 7. Let p be t(5). Suppose -2*w + 0*w = -j + p, 0 = 5*w. Let q = j - 17. Is q a multiple of 11?
True
Does 14 divide (-5)/(20/(-1492)) - -3?
False
Suppose 4*b = 2*c + 32, -2*b - 6*c + 28 = -4*c. Let p(g) = g**2 - 11*g - 11. Let d be p(b). Let u = d + 33. Is 12 a factor of u?
True
Let g be 6 - (2 + (-1 - -1)). Suppose -2*p - 6 = g*x, 3*p + 7 = -5*x + 1. Suppose p*c = -3, 2*h = h - 5*c + 42. Does 22 divide h?
False
Let q(x) = 2*x**3 + x**2 + 4*x - 7. Is q(4) a multiple of 36?
False
Suppose 4*a + 0*a - 12 = 0. Suppose -a*f = g - 21 - 2, 2 = 2*f - 2*g. Let n(m) = 2*m**2 - 7*m + 6. Is n(f) a multiple of 19?
False
Let f = -5 - -3. Let k = 35 - 21. Does 7 divide f*(-2)/(8/k)?
True
Let v = 10 + -21. Let w = v + 18. Is w a multiple of 4?
False
Let j = 3 + -4. Let g be (j - -3) + -1 + -1. Suppose -a + g*a = -29. Is 16 a factor of a?
False
Let i(o) = o**3 - 13*o**2 + 12*o + 18. Does 9 divide i(12)?
True
Let q(f) = f**3 + 6*f**2 + 3*f + 1. Suppose -5*a - 40 = -s + 3*s, -a - s = 11. Let l be q(a). Let v = l + 38. Is 8 a factor of v?
False
Suppose 8*p - 4*p = 5*x - 21, x = 3*p + 2. Suppose 0 = x*u - u. Suppose u*g + 6 = z - 2*g, 2*z - g = 27. Does 8 divide z?
True
Let z = -1392 + 1983. Suppose -4*r - z = 329. Is 4/6 + r/(-15) a multiple of 16?
True
Is 2 a factor of 374/18 + 8/36?
False
Let m = 149 - 56. Suppose 0 = -3*o - 27 + m. Is o a multiple of 11?
True
Suppose -9 - 3 = -4*b. Let m be 1 + (b - 1) + 0. Suppose -z